
Calculate the remainder when 125691 is divided by 1955.
571
Calculate the remainder when 1232108 is divided by 193.
189
What is the remainder when 453619 is divided by 256?
243
What is the remainder when 3021 is divided by 1572?
1449
Calculate the remainder when 215385 is divided by 71.
42
Calculate the remainder when 250287860 is divided by 2542.
2540
What is the remainder when 2495819 is divided by 1247894?
31
Calculate the remainder when 77646 is divided by 726.
690
Calculate the remainder when 92894518 is divided by 164.
162
Calculate the remainder when 185182 is divided by 11556.
286
What is the remainder when 13085715 is divided by 103?
80
Calculate the remainder when 3107348 is divided by 310731.
38
What is the remainder when 48057 is divided by 20163?
7731
Calculate the remainder when 386681 is divided by 4102.
1093
What is the remainder when 500074 is divided by 15152?
58
Calculate the remainder when 52636694 is divided by 52636686.
8
What is the remainder when 992910 is divided by 581?
562
What is the remainder when 2318041 is divided by 1158945?
151
Calculate the remainder when 183578 is divided by 1719.
1364
Calculate the remainder when 36882429 is divided by 232.
229
What is the remainder when 236017871 is divided by 3792?
3791
Calculate the remainder when 32494848 is divided by 426.
420
What is the remainder when 77454943 is divided by 683?
11
Calculate the remainder when 22750905 is divided by 229807.
12
What is the remainder when 14148 is divided by 2726?
518
What is the remainder when 341996 is divided by 68399?
1
What is the remainder when 13705487 is divided by 392?
383
What is the remainder when 58423 is divided by 57916?
507
Calculate the remainder when 35202 is divided by 185.
52
What is the remainder when 1805168 is divided by 41?
20
What is the remainder when 3408748 is divided by 838?
602
What is the remainder when 547623 is divided by 8052?
87
What is the remainder when 5402935 is divided by 67?
55
What is the remainder when 328594909 is divided by 848?
845
Calculate the remainder when 76370 is divided by 1090.
70
Calculate the remainder when 1418971 is divided by 4077.
175
What is the remainder when 788228 is divided by 59?
47
What is the remainder when 184147 is divided by 761?
746
What is the remainder when 18312139 is divided by 345512?
3
Calculate the remainder when 756461 is divided by 471.
35
Calculate the remainder when 5865664 is divided by 7618.
7422
What is the remainder when 587897 is divided by 422?
51
What is the remainder when 662182 is divided by 70?
52
What is the remainder when 14987237 is divided by 2793?
2792
Calculate the remainder when 155027 is divided by 15489.
137
What is the remainder when 2949523 is divided by 73730?
323
Calculate the remainder when 7292437 is divided by 1823102.
29
What is the remainder when 3419305 is divided by 1709521?
263
Calculate the remainder when 9413358 is divided by 5547.
99
Calculate the remainder when 247973 is divided by 120852.
6269
What is the remainder when 4795985 is divided by 79933?
5
Calculate the remainder when 3724823 is divided by 81.
38
Calculate the remainder when 46837841 is divided by 46.
43
Calculate the remainder when 356075 is divided by 523.
435
What is the remainder when 1395053 is divided by 246?
233
Calculate the remainder when 117878 is divided by 1789.
1593
What is the remainder when 105613316 is divided by 1624820?
16
Calculate the remainder when 1300521 is divided by 150.
21
Calculate the remainder when 196689 is divided by 3388.
185
Calculate the remainder when 28686013 is divided by 1167.
1153
Calculate the remainder when 1461030 is divided by 26564.
10
Calculate the remainder when 10766694 is divided by 186.
84
Calculate the remainder when 46817543 is divided by 112.
87
What is the remainder when 132160 is divided by 132017?
143
Calculate the remainder when 287154 is divided by 8873.
3218
Calculate the remainder when 549809 is divided by 166.
17
Calculate the remainder when 599028078 is divided by 19.
11
Calculate the remainder when 36650083 is divided by 18325032.
19
Calculate the remainder when 144092555 is divided by 1245.
1235
What is the remainder when 445938 is divided by 148637?
27
What is the remainder when 1592580 is divided by 1353?
99
Calculate the remainder when 93807 is divided by 568.
87
Calculate the remainder when 2010838 is divided by 2846.
1562
What is the remainder when 15534801 is divided by 651?
639
Calculate the remainder when 1189278 is divided by 75.
3
Calculate the remainder when 440516213 is divided by 3041.
3035
What is the remainder when 1888865 is divided by 526?
525
What is the remainder when 5959921 is divided by 1964?
1145
What is the remainder when 2191269 is divided by 46?
13
What is the remainder when 13884566 is divided by 4705?
111
Calculate the remainder when 291230 is divided by 653.
645
What is the remainder when 17334 is divided by 833?
674
Calculate the remainder when 16811131 is divided by 151.
150
What is the remainder when 21433529 is divided by 68?
65
Calculate the remainder when 4198962 is divided by 9950.
62
What is the remainder when 320881 is divided by 37?
17
Calculate the remainder when 22691 is divided by 6281.
3848
What is the remainder when 1416827 is divided by 1416741?
86
What is the remainder when 2096169 is divided by 4479?
4476
Calculate the remainder when 1617432 is divided by 288.
24
What is the remainder when 3735529 is divided by 76?
53
What is the remainder when 669927 is divided by 46?
29
Calculate the remainder when 2355413 is divided by 174.
149
What is the remainder when 285989 is divided by 2444?
41
What is the remainder when 142671 is divided by 587?
30
What is the remainder when 510120 is divided by 2057?
2041
What is the remainder when 1254446 is divided by 131?
121
What is the remainder when 115774299 is divided by 1916?
1915
What is the remainder when 100046 is divided by 397?
2
What is the remainder when 108369674 is divided by 8336128?
10
Calculate the remainder when 435111 is divided by 86966.
281
What is the remainder when 11026 is divided by 290?
6
Calculate the remainder when 39615978 is divided by 25.
3
Calculate the remainder when 122465 is divided by 4297.
2149
What is the remainder when 235684 is divided by 11223?
1
What is the remainder when 41027 is divided by 1397?
514
What is the remainder when 36146 is divided by 11828?
662
Calculate the remainder when 76294244 is divided by 227.
225
What is the remainder when 14183998 is divided by 729?
574
What is the remainder when 777503 is divided by 18078?
149
What is the remainder when 1576995 is divided by 40435?
30
Calculate the remainder when 376252 is divided by 13.
6
What is the remainder when 723745 is divided by 3280?
2145
Calculate the remainder when 383696 is divided by 47936.
208
What is the remainder when 236087 is divided by 1131?
839
What is the remainder when 724000 is divided by 309?
13
What is the remainder when 162041 is divided by 161982?
59
Calculate the remainder when 234999 is divided by 23457.
429
What is the remainder when 6151822 is divided by 58036?
6
Calculate the remainder when 63104 is divided by 4291.
3030
What is the remainder when 309976 is divided by 103?
49
Calculate the remainder when 31189 is divided by 14937.
1315
Calculate the remainder when 32384 is divided by 678.
518
What is the remainder when 1328653 is divided by 81?
10
Calculate the remainder when 10223786 is divided by 193.
190
Calculate the remainder when 928987 is divided by 3918.
421
What is the remainder when 831416 is divided by 56?
40
What is the remainder when 153388 is divided by 3946?
3440
Calculate the remainder when 335965 is divided by 818.
585
Calculate the remainder when 1202893 is divided by 6137.
41
Calculate the remainder when 13939 is divided by 361.
221
What is the remainder when 180333 is divided by 17930?
1033
Calculate the remainder when 45496 is divided by 11148.
904
What is the remainder when 9828738 is divided by 1638122?
6
Calculate the remainder when 209773 is divided by 104799.
175
Calculate the remainder when 14747799 is divided by 7373885.
29
What is the remainder when 1776250 is divided by 355223?
135
Calculate the remainder when 6957329 is divided by 158120.
49
What is the r